- 8*p**2 - p**3 + 2*p**3 + 10*p**2. Determine x(w).
6
Suppose -3*k + 25 = -5*b - 2*k, -25 = -5*k. Let x(j) = 7*j + 23. Calculate x(b).
-5
Let z(u) be the first derivative of -70*u**3/3 - u**2 + u + 720. Calculate z(1).
-71
Suppose 3*n = n + 10. Let y(f) = -319 + 326 - 67*f**3 + 127*f**3 - 59*f**3 - 6*f - 3*f**2. What is y(n)?
27
Let q(b) = -8*b + 1. Let s = -56 - -58. Suppose 3*k - 9 = 5*c, s = -2*k + 3*c + 7. What is q(k)?
17
Let s be ((-24)/(-2))/(10 + (-985)/100). Let t = s + -75. Let v(h) = -3*h - 4. Calculate v(t).
-19
Suppose 0 = 8*o - 6*o - 4. Suppose t = 3*t + 5*j - 27, -j + 15 = o*t. Suppose t*w - 10 = -4*w. Let i(n) = -n**2. Determine i(w).
-1
Let r(u) = 2*u**2 + u. Let i = 258 - 252. Let y be (-6)/i - (-4)/2. Determine r(y).
3
Let k = -20 - -20. Suppose 4*g = 48 - k. Suppose -v + 4*v - g = 0. Let f(o) = o**3 - 5*o**2 + 2*o + 3. Calculate f(v).
-5
Suppose -2*w = -n + 11, 2*n - 5*w - 9 = 18. Let t(h) = 10*h - 2. Let c(v) = -15*v + 3. Let k(r) = -5*c(r) - 7*t(r). Determine k(n).
4
Let v(a) = -5*a**2 + 8*a + 8. Let r(k) = -11*k**2 + 15*k + 17. Let z(g) = -4*r(g) + 9*v(g). Calculate z(13).
-9
Let d = -318 - -320. Let s(n) = 22*n**2 - n**3 - 16 + 28 - n - 15 - d*n - 29*n**2. Let j = 9 - 16. Calculate s(j).
18
Let j = -445 - -447. Let f(i) = 23*i**2 + 19*i**2 + 24*i**2 - 3*i - 81*i**j + 18*i**2 - 1. Calculate f(-1).
5
Let c be (2 - -2)/2 + (4 - 3). Let z(b) = -1 - 7*b**3 - 3*b - b**2 + 4*b + 20*b**c - 11*b**3. What is z(1)?
1
Let c(d) be the third derivative of -1 + 2*d**3 - 29*d**2 + 1/6*d**5 + 1/120*d**6 + 0*d + 1/8*d**4. Give c(-10).
-18
Let j be 1*3*11/99*12. Suppose 3*a - 2 + 1 = -4*b, -j*a = 6*b - 2. Let k(u) be the third derivative of -u**6/20 - u**5/60 + u**2. Determine k(b).
-7
Let c(y) be the third derivative of -y**4/12 - 4354*y**2 + 1. Let m be (-2)/14 - 144/21. Calculate c(m).
14
Let p(a) = a**3 + 60*a**2 + 895*a - 7. Let g be p(-32). Let z(i) be the first derivative of g - 1/2*i**2 + 4*i. Give z(0).
4
Suppose -3*m + 15 = 0, 10*m = 3*u + 15*m - 55. Let c(h) = u*h - 74*h**2 - 4*h - 5 + 73*h**2. Determine c(6).
-5
Let q(f) = 7*f - 23. Let n(w) = 4*w - 12. Let i(k) = -5*n(k) + 3*q(k). Let m be (8/(-4) - -3)*0/16. Give i(m).
-9
Let t(v) = 4*v - 21. Let m be (12 - (-3 + 16))*5. Calculate t(m).
-41
Let f(o) = o**2 + 11*o + 16. Let j = -395 + 400. Suppose 21 = -2*h + j. What is f(h)?
-8
Suppose 21*k - 22*k - 3 = 0. Let c be k/3 + 96/(-12). Let y(w) = 2*w + 17. Let b(a) = a + 8. Let i(l) = 5*b(l) - 3*y(l). Give i(c).
-2
Let a(z) = 5*z + 1. Let f be (-20)/4 + (9 - -16). Let l be (f/(-30))/(2 + 12/(-9)). Calculate a(l).
-4
Let t(n) = -n**2 + 6*n - 1. Let c be t(5). Let j(g) = c*g**2 - 3*g**2 + 13 - 4 + 10*g. Suppose -1846 = 252*s + 170. What is j(s)?
-7
Let g be 12*-6*9/(-216). Let l(b) = 4*b**2 - b + 11. Let a(f) = 3*f**2 + 9. Let q(m) = g*a(m) - 2*l(m). Determine q(-5).
20
Let b(j) be the second derivative of -j**4/12 + 2*j**3/3 + j**2 - 2367*j. Give b(4).
2
Let f(s) = -13*s - 9. Let o(v) = -16*v - 8. Let c(d) = 5*f(d) - 4*o(d). Let j be (-4)/(-8) + (-15)/2. Determine c(j).
-6
Let r(l) = -33*l - l**3 + 24*l - 38*l - 13 + 68*l - 35*l - 6*l**2. Give r(-5).
32
Let n(b) be the second derivative of b**5/20 + 7*b**4/12 + 4*b**3/3 + 7*b**2/2 - 2*b. Suppose 3832 = 21*y - 158. Let p = -196 + y. What is n(p)?
-5
Let s(r) = 29*r**3 + 13*r**2 - 2*r + 15. Let l(j) = 51*j**3 + 24*j**2 - 5*j + 29. Let d(o) = 4*l(o) - 7*s(o). Give d(-6).
11
Let q(a) = 22*a + 345. Let n(w) = -22*w - 320. Let v(h) = -6*n(h) - 5*q(h). Determine v(-9).
-3
Let x = -61 - -58. Let y(t) = 4*t - 5. Let u(z) = -3*z + 4. Let i(h) = -3*u(h) - 2*y(h). Calculate i(x).
-5
Let c(m) = 2*m**2 + 9*m + 17. Suppose -131*t + 15 = -134*t. Give c(t).
22
Let u(h) = h - 5. Let z(g) = -3*g**2 - 17*g + 10. Let m be z(-6). Suppose 10 = m*w - n, w = 6*n - 7*n. What is u(w)?
-3
Let f(r) = r**2 + 2*r - 8. Let s be 49 - 44 - (-14)/(-2). Let b be (-1 - (s + -5))*-1. Determine f(b).
16
Let z = 9921 + -9921. Let x(b) be the third derivative of -1/6*b**4 - b**3 - 17*b**2 + 0 + z*b - 1/12*b**5 + 1/120*b**6. Calculate x(6).
6
Let u(x) be the second derivative of x**4/8 + x**3/6 + 29*x**2 + 53*x - 1. Let j(a) be the first derivative of u(a). What is j(0)?
1
Let j be (((-112)/(-175))/16)/(1/5)*125. Let t(l) be the third derivative of 0*l + 0 + j*l**2 + 4/3*l**3 + 1/24*l**4. Calculate t(-6).
2
Let a be 12/(7 + -1) - 3. Let u(l) be the first derivative of l**4/4 + l**2/2 + l + 1. Let f be u(a). Let v(k) = 11*k - 1. Give v(f).
-12
Let m(w) = 2*w + 0 + 0*w - 5. Suppose -30*n - 270 = 55*n - 130*n. What is m(n)?
7
Suppose -567*v + 564*v = 7*b + 21, -3*b = 0. Let p(y) = y**3 + 5*y**2 - 8*y + 43. Calculate p(v).
1
Let j = 8637 - 8623. Let o(t) = -t**2 + 7*t + 40. Calculate o(j).
-58
Let g(y) = -y**3 + y + 3. Let s be g(0). Suppose -s*z + 121 + 32 = 0. Let x = -57 + z. Let d(b) = -b**3 - 6*b**2 + 2*b + 5. Calculate d(x).
-7
Let u(g) = -9*g + 68*g - 47*g + 8*g**2 - 6*g**2 + 25. Give u(-2).
9
Let g(q) = -q**2 - 7*q + 6. Let u(l) = -l**2 + 2*l + 6. Let i be u(-6). Let f be ((4 - 0)/(-12))/((-2)/i). Determine g(f).
6
Let q(a) = a**2 + a - 4. Let x(u) = 21*u + 18. Let g be x(-1). Let f(j) = -j**3 - 4*j**2 - 4*j + 4. Let s be f(g). Determine q(s).
52
Let x(j) = -391*j**2 + 164 + 6*j - 403*j**2 + 793*j**2. What is x(16)?
4
Suppose -913 = 3*z + 5*j, -z - 11*j - 295 = -14*j. Let y = z - -300. Let h(c) = 20*c**2 + 1. Determine h(y).
21
Let m(p) = -7*p - 11. Let b(u) = -2*u**3 + 15*u**2 + u + 56. Let t be b(8). What is m(t)?
-11
Let k(d) be the first derivative of 5*d**4 - d - d**2 - 97 - 1/3*d**3. What is k(-1)?
-20
Let s(w) be the second derivative of -w**5/20 + w**4/3 + 5*w**3/6 - w**2 - 8*w. Suppose -2*i - 1 = 5. Let g be 96/20 + (-6 - i)/(-15). Calculate s(g).
-2
Let p(f) = -41 + 30 - 17*f + 14 + 32. Let z be p(2). Let u(g) = 3*g**2 - 2*g + 1. What is u(z)?
2
Let r(k) = -k**3 + 25*k**2 - 2*k - 12. Let q be (-143 + 149)/((-18)/(-75)). What is r(q)?
-62
Let s(v) be the second derivative of -18*v + 13/6*v**3 + 8*v**2 + 0 - 1/24*v**4. Let f(a) be the first derivative of s(a). Determine f(6).
7
Let t = 47 + -426. Let k = -382 - t. Let a(b) = b**3 + 4*b**2 - 4. Calculate a(k).
5
Suppose 0 = -4*d, v + 0*d + 8 = d. Let n(h) be the first derivative of h**3/3 + 9*h**2/2 + 8*h + 8366. What is n(v)?
0
Suppose -l = 6, -5*k - l - 25 - 11 = 0. Let a(h) = -3*h**2 - 8*h + 2. Determine a(k).
-58
Let y = 65 + -44. Let c(z) = 8*z**2 - 7 + 14*z**2 + 5*z - y*z**2. Determine c(-6).
-1
Let z = 2176 - 2189. Let c(t) = -t**2 - 14*t - 14. Determine c(z).
-1
Let f(t) = 6142*t - 5994. Let x(m) = -37*m + 36. Let j(h) = 2*f(h) + 333*x(h). Calculate j(1).
-37
Let x(v) be the first derivative of 4/3*v**3 + v**2 - 2*v - 3 + 1/4*v**4. Suppose 26 = -r + 23, 0 = 4*k + r + 11. What is x(k)?
2
Let p(a) = 11*a - 25. Let j be p(-6). Let t = j - -94. Let n(m) = -5 + 2 - m + 4 - t. Give n(-4).
2
Let g(l) = 66*l + 596. Let y be g(-9). Let s(m) = 9*m**2 + 2*m - 2. Give s(y).
38
Let j(r) be the first derivative of 32 + 1/4*r**4 - r + r**3 + 0*r**2. Let c = 1 + -3. Calculate j(c).
3
Let n(r) = -5*r - 4. Suppose 0 = 4*u - 6 - 2. Let k(b) = -1 + 6*b**2 - 11*b**u + 4*b**2 + b. Let q be k(-1). Give n(q).
11
Let a be -2*(10/(-4) - -1). Let k(q) be the second derivative of q**5/20 - q**4/6 - q**3/2 + 2*q**2 - 1141*q. Calculate k(a).
4
Suppose 4*v - 2*u - 58 = 0, 12*u + 27 = 2*v + 9*u. Let b(y) = -6*y + 5 + v + 5*y. Calculate b(0).
20
Suppose -783 = -5*b + 97*b + 45. Let i(k) = -2*k - 2. Determine i(b).
16
Let q(b) = 3*b - 9. Let s(f) = 10*f - 20. Let g(w) = 5*q(w) - 2*s(w). Let i(v) = v**3 - 6*v**2 - 52. Let a be i(7). Give g(a).
10
Let j(a) = -8*a - 9. Let w(p) = p. Let o(y) = j(y) + 6*w(y). Suppose 113 = -23*c - 48. What is o(c)?
5
Let i(s) = -s**3 - 127*s**2 - 842*s - 243. Let g be i(-120). Let p(k) = -9*k - 16. What is p(g)?
11
Suppose -2*n - 36 = 6*u - u, -4*n - 18 = u. Let j(c) be the third derivative of -c**6/120 - c**5/12 + 5*c**4/24 + 2*c**3/3 - 13663*c**2. Calculate j(u).
10
Let b = -105 + 107. Let u(l) = -5*l - 8 - b*l + 7*l - l. Calculate u(0).
-8
Let t(o) = 1071*o**2 + 9800 - 9799 - 1070*o**2. Let l(n) = -n**2 - 3*n + 2. Let j be l(-3). Let a(f) = -f + 3. Let g be a(j). What is t(g)?
2
Suppose 5*l = -2*l + 14. Let f(g) = g**3 - l*g**3 + 6 + 4*g**2 + 211*g 